 Let k = -11 - l. Suppose 84 - 304 = -k*o. Calculate the greatest common divisor of o and 11.
11
Let a = -48 - -133. Let q = -9167 + 9184. Calculate the highest common factor of q and a.
17
Suppose -16*z + 56*z - 8120 = 0. What is the greatest common factor of 7 and z?
7
Suppose -334 + 994 = 6*z. What is the greatest common factor of z and 132?
22
Let q be (-2 - (-27)/12) + (-18585)/(-60). Calculate the highest common factor of q and 5.
5
Suppose c = -4*r + 404 - 142, r - 3*c - 72 = 0. Suppose 0 = -4*m + 22 + r. Let i = -4 + m. Calculate the highest common factor of 12 and i.
6
Suppose 0 = -2*q - 3*q - 5*j + 165, -45 = -q - 5*j. Suppose -8475 = -35*r - 75. Calculate the highest common factor of r and q.
30
Let u be ((-93)/(-9))/(1/9). Let d = 143 - u. What is the highest common divisor of d and 5?
5
Let q be ((-1888)/128)/(195/(-96) - -2). What is the greatest common divisor of q and 295?
59
Let w = -68 + 70. Suppose 2*l + 118 = 14. Let p be (l/(-5))/(w/10). What is the highest common factor of p and 13?
13
Let z(m) = 48*m**2 - m + 1. Let c be z(1). Suppose o - 5*s = -s - 30, c = -2*o + 5*s. Let g be 108/14 + (-4)/o. What is the greatest common factor of 4 and g?
4
Suppose -5*i + 17 = -t, -2*t + 4*i + 0 - 4 = 0. Let j(x) = x**2 - 2*x - 10. Let q be j(9). Let y = 93 - q. What is the highest common factor of t and y?
8
Suppose -5*o + 105 = 4*q, -13*o + 45 = -12*o - 4*q. What is the greatest common factor of o and 225?
25
Let m = 18 - -18. Let t be 29/9 + (16/m)/(-2). Calculate the highest common divisor of t and 3.
3
Let r = 0 + 4. Suppose 12 = -y + r*i, 0 = 4*y - 2*y + 5*i - 41. What is the greatest common factor of 64 and y?
8
Let t be 2 + 1 + 1 - -42. Let r = 9 + -1. Let s be r/(-28) - t/(-14). What is the highest common divisor of 6 and s?
3
Suppose 67*g + 245 = 68*g. Calculate the greatest common factor of g and 70.
35
Let z = -2124 + 2264. Calculate the highest common divisor of 1540 and z.
140
Let l = -104 - -154. Calculate the greatest common factor of l and 20.
10
Suppose 49 = 5*d + 39. What is the highest common divisor of 74 and d?
2
Suppose 0 = -g - 4*o - 1 + 3, -3*o - 12 = 3*g. Let q be g/24 - (-27)/12. What is the highest common divisor of q and 16?
2
Let a(x) = -3*x + 3. Suppose 0 = -2*d - 4*j + 2, 4*d - 2*d = -2*j - 2. Let l be a(d). What is the highest common divisor of 12 and l?
12
Let k be 6 + (-8 - (6 - 9)) + 323. What is the highest common factor of k and 9?
9
Let s(l) = -325*l + 134. Let j be s(-2). Calculate the highest common factor of 16 and j.
16
Let v = 66 + -46. Let n = -20 + 160. What is the greatest common factor of n and v?
20
Let b be ((-2985)/4)/(-15) + (-1)/(-4). Suppose -46*v - 1044 = -b*v. Calculate the highest common divisor of v and 29.
29
Let p = -2720 - -3589. Calculate the greatest common factor of p and 66.
11
Suppose 56 + 4 = 15*y. Suppose 2*g + 3*o = g + 21, -g + y*o = -49. Calculate the highest common divisor of g and 132.
33
Let g = -86 - -102. What is the greatest common factor of 96 and g?
16
Let p be 18/2 + (-2 - -1). Let h(r) = r**2 + 4*r - 8. Suppose u + 10 - 4 = 0. Let f be h(u). Calculate the greatest common divisor of p and f.
4
Suppose 49*w - 24 = 43*w. Calculate the highest common divisor of 628 and w.
4
Let d(n) = -25*n - 191. Let h be d(-46). What is the greatest common factor of 548 and h?
137
Let r be (4/8 + -2)*-2. Suppose -5*p = -10, 440 = 4*u - r*p - p. Calculate the highest common factor of u and 16.
16
Suppose 56 = -6*s - 16. Let p be 0/(-1 + 2) - (s - 429). What is the highest common factor of p and 49?
49
Let q be ((-3)/4)/((-54)/504). Suppose -q + 115 = w. Calculate the highest common factor of w and 12.
12
Let y be 0 + -344 + -1*(3 + -2). Let c be y/(-24) + (-12)/32. Let w be (84/9)/2*3. What is the greatest common divisor of c and w?
14
Let q(r) = -9*r**3 + 2*r**2 + 2*r - 1. Let f(a) = a - 9. Let h be f(7). Let u be q(h). Calculate the highest common divisor of u and 15.
15
Let k be (-8 - -7)*((2 - 3) + -4). Let t be 2*1*(-650)/(-20). What is the highest common divisor of k and t?
5
Let j = 4 + 0. Suppose j*k - 11 - 5 = 0. Let q be 31/4 + (-854)/488. Calculate the highest common factor of k and q.
2
Suppose -5*q - 33 = -498. Calculate the greatest common divisor of q and 341.
31
Suppose 14 + 26 = 5*j. What is the highest common factor of j and 600?
8
Let w(m) be the third derivative of -m**5/60 + m**4/3 - m**3/2 - 2*m**2. Let r = 59 - 53. Let o be w(r). Calculate the highest common factor of o and 45.
9
Let w(h) = 7 - 2*h - 3*h + 4*h. Let l be w(4). Suppose 2*s + 3*x + x = 28, x = -l. Calculate the greatest common divisor of s and 180.
20
Let q = -21 + 23. Suppose 3*m = m - q*k + 118, -m = -3*k - 63. What is the highest common factor of 40 and m?
20
Let i be (6/9)/((-3)/(-27)). Let d be 23/7 - i/21. Suppose -4*x - 5*q - 3 + 0 = 0, -18 = -2*x + 4*q. What is the greatest common divisor of d and x?
3
Let m(c) = c**3 + 10*c**2 - 13*c + 5. Let n be m(-11). Let z = 148 + -215. Let w = 121 + z. What is the greatest common divisor of n and w?
27
Let r = -108 + 196. Let v(l) = -l**2 - 8*l + 1. Let s be v(-7). Calculate the greatest common divisor of s and r.
8
Let a = -2681 - -2699. Calculate the greatest common divisor of a and 48.
6
Let u(g) = -g**2 - 14*g + 1. Let w be u(-12). Calculate the highest common factor of w and 20.
5
Let d be (11 + -8)/(2 - 357/183). Let h = d - 29. What is the highest common factor of 80 and h?
16
Let j(z) = 4*z**3 + 3*z**2 + 6*z + 3. Let m be j(-9). Let k = m + 3888. Let h be (-6)/51 - k/(-68). Calculate the greatest common divisor of 68 and h.
17
Let h(z) = -z**3 + 14*z**2 + 18*z - 53. Let r be h(10). What is the highest common factor of 17 and r?
17
Suppose m = 2 + 3. Suppose 0 = 2*f - o - 129, f - 46 = -m*o + 24. Let w be f/3 + (-2)/3. What is the highest common factor of w and 42?
21
Let w be ((-3)/(-2))/((-27)/(-414)). Let v(n) = -25*n**3 + n**2 - 3*n - 3. Let c = 8 - 10. Let t be v(c). What is the highest common factor of t and w?
23
Let m = -1314 - -4061. Calculate the greatest common divisor of 41 and m.
41
Let t = 15 - 11. Suppose -t*b = -5*b + 3. Let h(r) = -2*r**3 - r**2. Let d be h(-2). What is the highest common divisor of b and d?
3
Let x be (4 + -3)/((-2)/(-52)). What is the greatest common factor of 338 and x?
26
Suppose 0 = 10*g - 38 - 12. Let b = -366 + 658. Suppose g*p - 33 = b. What is the highest common factor of p and 26?
13
Let d(w) = -1036*w + 10361. Let f be d(10). Let a = 10 + -6. What is the highest common factor of a and f?
1
Suppose -4*p = -8, -15 = -4*z + 3*p + 39. Calculate the highest common factor of 135 and z.
15
Suppose 3*p = 5*u - 280, 224 = 4*u + 4*p - p. Let z = 14 + u. What is the greatest common divisor of 10 and z?
10
Let l be (-5)/(-15) - (2 - 11/3). Let h(c) = 3*c**2. Let z be h(-1). Suppose -38 = -5*k - 2*j, -z*k + 28 = k + j. What is the highest common factor of k and l?
2
Let v = -60 + 102. Let d be -10*4/((-40)/v). What is the highest common divisor of 28 and d?
14
Let y = 821 + -767. What is the greatest common divisor of 621 and y?
27
Suppose 2*v + 3 - 10 = 3*h, 0 = 4*v + h - 35. Suppose 4*f - v*f = -308. Calculate the greatest common divisor of f and 7.
7
Let u(x) = -4*x - 10. Let z be u(-4). Let b(y) = -y**3 + y. Let a be b(-1). Suppose a = 3*w - 6*w + 36. What is the highest common divisor of w and z?
6
Let t be (186/(-24) + 7)/(2/(-144)). Calculate the highest common divisor of 540 and t.
54
Suppose 3*b - 16 = 20. Let k = -38 - -62. Calculate the highest common factor of k and b.
12
Let u be ((-273)/6)/((3/2)/(-3)). What is the greatest common divisor of 77 and u?
7
Suppose -5*j + 2*j + 2*i + 772 = 0, -2*i = 3*j - 788. What is the highest common factor of 20 and j?
20
Let a = -1 + 7. Suppose 2*x = -x - 72. Let h be x/(-9) - (-4)/(-6). What is the greatest common factor of a and h?
2
Let x(s) = s**2 + s + 32. Let n be x(0). Let y(t) = t**3 + 4*t**2 - 51*t - 140. Let g be y(-8). Calculate the highest common factor of g and n.
4
Suppose -5 + 8 = x. Suppose -424 = -5*q - 4*t - 0*t, x*t = 3*q - 249. Calculate the highest common factor of 12 and q.
12
Suppose -3*g - 419 = -6*g + l, -2*l + 404 = 3*g. Let m = 2 + g. Let f = -80 + m. Calculate the greatest common factor of 40 and f.
20
Let b(s) = 660*s - 4